ided by 45.
40
What is the remainder when 1605 is divided by -4 - 1/(14/(-7500)) - 34/(-119)?
9
Let y = -2767 + 2791. What is the remainder when 1216 is divided by y?
16
Let o = -10325 - -10329. What is the remainder when 3204 is divided by o?
0
Suppose 0 = 4*m - 2*o + 1978, 2512 = -4*m - 2*o + 514. Let g = m + 519. What is the remainder when 304 is divided by g?
18
Let a(k) = -3*k - 102. Let b = -111 + 106. Let o(p) = 2*p + 51. Let v(h) = b*a(h) - 9*o(h). Calculate the remainder when 105 is divided by v(8).
24
Let k be ((196/(-7))/(-7))/2. Suppose 0 = -k*y + 60 + 186. What is the remainder when 133 is divided by y?
10
Suppose 1191*r - 3648 = 1159*r. What is the remainder when r is divided by 40?
34
Let n(r) = r**3 + 35*r**2 + 49*r - 540. Calculate the remainder when 587 is divided by n(-33).
20
Let p = 45 + -35. Let i(s) = -2*s - p - 5*s + s. Calculate the remainder when 52 is divided by i(-4).
10
Let d(v) = 4*v**3 - v + 1. Let g be d(-2). Let z = g - -123. Let i = z - 65. Calculate the remainder when 86 is divided by i.
28
Let s(v) be the second derivative of v**4/6 - v**3 - 59*v**2 + 99*v. Calculate the remainder when s(13) is divided by 5.
2
Let z(g) = -g**3 + 20*g**2 - 27*g + 1075. What is the remainder when z(21) is divided by 40?
27
Let d be ((-77)/44)/(-2 + (-78)/(-40)). Suppose -40 = -q - 2*h, h + 153 = 3*q - 4*h. What is the remainder when q is divided by -14*(-10)/d + 6?
6
Let g be 21*((-6)/18)/(-1). Calculate the remainder when 71 is divided by (26 - 8) + g + (0 - 0).
21
Suppose 6*o - 3*l - 83 - 28 = 0, -o + 5*l = 4. Let t = -21 + 39. Calculate the remainder when o is divided by t.
3
What is the remainder when 136 is divided by 3 + 1 + (-21 - (-21 - -3))?
0
Calculate the remainder when (110310/20)/((-75)/(-50)) is divided by 15.
2
Let y(g) = -8*g + 136. Let v(d) = -4*d + 68. Let c(z) = -5*v(z) + 2*y(z). What is the remainder when 77 is divided by c(21)?
13
Let n = 7 + -5. Let l(y) be the second derivative of -2*y**3/3 + 11*y**2 - 46*y. Calculate the remainder when n is divided by l(5).
0
Suppose 17869*d - 17863*d - 12576 = 0. Calculate the remainder when d is divided by 70.
66
Let f = 918 + -892. What is the remainder when 305 is divided by f?
19
Let a(h) = -87*h**3 + h**2 - 2*h - 3. Calculate the remainder when 575 is divided by a(-1).
53
Suppose 5*a + 5*c - 465 = 0, -4*a - 5*c + 259 + 116 = 0. What is the remainder when 2787 is divided by a?
87
Suppose 135*d + 127686 = 213*d. Calculate the remainder when d is divided by 26.
25
Let y = 2 + 10. Suppose -227 = -t - 219. Suppose t*s = 4*s + 128. Calculate the remainder when s is divided by y.
8
Let m(d) = -11*d**2 - 1414*d + 367. Calculate the remainder when 10117 is divided by m(-127).
13
Let f(p) = -496*p. Let w be f(-1). Let d = -370 + w. Calculate the remainder when d is divided by 23.
11
Let y be (-315)/(-3) + 3 - -3. Let r = 107 - y. Let h(i) = -5*i - 4. Calculate the remainder when 174 is divided by h(r).
14
Suppose 0 = 4*w - 0*w - 5*h - 555, 3*w - 419 = h. Suppose -8*z = -3*z - w. What is the remainder when z is divided by 11?
6
Let f(i) = 279*i - 2757. Calculate the remainder when 2209 is divided by f(10).
31
Let l(r) = r**3 + 6*r**2 + 7*r + 6. Let i be l(-5). What is the remainder when (-102)/3*1*i/8 is divided by 10?
7
Suppose 25*z - 496 = -6*z. Let c(t) = -t**3 + 19*t**2 - 47*t - 12. Let p(r) = -r**3 + 7*r**2 - 4*r - 8. Calculate the remainder when p(6) is divided by c(z).
0
Let i(s) = -s**3 + 7*s**2 - 3*s + 10. Let a be i(5). Let r = -33 + a. What is the remainder when (9/6)/(3/70) is divided by r?
11
Let t = 917 + -759. What is the remainder when t is divided by 43?
29
Let k(g) = 55*g**2 - g. Suppose -6*n = -9*n, -3*n - 128 = 4*z. What is the remainder when k(1) is divided by ((-14)/(-3))/(3 + z/12)?
12
Suppose 19 = -3*o + 4. Suppose 0 = 2*f + 4*b + 32, -6*b = -4*f - b - 25. Let y = o - f. What is the remainder when y is divided by 2?
1
Suppose s + 54 = -s. Let v(z) = 3*z + 30. Let o be v(s). Let d = o + 71. Calculate the remainder when 30 is divided by d.
10
Suppose 2 = 2*p - 18. What is the remainder when -17 + 13 + 12 + 19 is divided by p?
7
Suppose 51*j = 52*j + r - 4685, -23425 = -5*j + r. What is the remainder when j is divided by 43?
41
Let z = -1227 - -2177. Suppose -5*f - 5*j + 467 = -723, -2*j = 4*f - z. Suppose r = -r + m + 76, 12 = 3*m. Calculate the remainder when f is divided by r.
37
Let z(f) = -3*f - 12. Suppose 3*n - 2*r - 528 = -5*r, 5*r = -n + 160. Let u be 52/(-9) + (-40)/n. Calculate the remainder when 16 is divided by z(u).
4
Suppose -49*x + 1129 = 12*x - 274. Calculate the remainder when 671 is divided by x.
4
Suppose 48*v = 40*v + 6400. Suppose -v = -4*o + 3*l - 145, -3*o - l = -501. Calculate the remainder when o is divided by 24.
22
Let r(i) = -27*i + 22. Let x(d) = -161*d + 133. Let f(u) = -35*r(u) + 6*x(u). Let c be f(6). Let m = -85 - c. What is the remainder when 62 is divided by m?
10
Suppose -2*s - 6*d = -4*d - 434, s = d + 217. What is the remainder when s is divided by 6?
1
Suppose 52*a = 45*a. Let c(b) = b**2 + 6*b + 319. What is the remainder when c(a) is divided by 23?
20
Suppose 8*u - 5*u = -21. Let h = u - -23. Let x = 5062 - 5032. What is the remainder when x is divided by h?
14
Let f be (6/21)/((-1)/(-7)) + -1. Let x = 93 + f. What is the remainder when x is divided by 49?
45
Suppose -26429 = -514*s + 495*s. What is the remainder when s is divided by 694?
3
Suppose -144*m + 638959 = -235697. Calculate the remainder when m is divided by 62.
60
What is the remainder when 6 + 2520/9 + -1 is divided by 112/(-21)*-3*3?
45
Suppose -7*p = -3*p - 28. Let c(h) = h**3 - 5*h**2 + 12*h + 2. Let n = -41 - -44. What is the remainder when c(n) is divided by p?
6
Suppose -j - 31 = -5*p + 69, 6 = p - 3*j. Suppose 4 = a + a. Suppose -3*h = -5*k - 317, 0 = h - 2*k - a*k - 108. Calculate the remainder when h is divided by p.
20
Suppose 2139*p - 2128*p - 638 = 0. Calculate the remainder when 402 is divided by p.
54
Suppose 4*b = y - 11 + 123, -5*y = 3*b - 61. Calculate the remainder when (-183)/b + 7 + (-9068)/(-18) is divided by 46.
44
Suppose 0 = -5*h + j + j + 2988, 3*j + 2987 = 5*h. Suppose h = 6*t - 668. What is the remainder when t is divided by 53?
52
Suppose -w - w - 38 = -h, -4*w = 4. Let y(a) = a**2 + 2*a - 3. Let u be y(2). Calculate the remainder when h is divided by (2 - 1)*(u - (-40)/5).
10
Let y = 105 + -34. Let n = 12348 + -12295. Calculate the remainder when y is divided by n.
18
Suppose -4*m + 287 = 3*p, -3*p - 5*m = -3*m - 289. Let h = 1597 - 1500. Let o = p + h. Calculate the remainder when o is divided by 49.
47
Let i = 80 + -142. What is the remainder when 139 is divided by i/(-3) - 12/18?
19
Let s = -53 + 66. Let h = s - -7. What is the remainder when -17*2/(-3)*30/h is divided by 6?
5
Let u(z) = z**2 - 101. Suppose -172 = -3*p + 4*q, 0*p + 5*q - 217 = -3*p. What is the remainder when u(-17) is divided by p?
60
Suppose 42*h - 5968 = 2312 + 1632. Calculate the remainder when 712 is divided by h.
4
Suppose -a = -5*w + 1123, -4*w + 898 = 9*a - 10*a. What is the remainder when 198 is divided by 8*(-5 - w/(-20))?
48
Suppose 5 = 2*h + 5*o, 3*o = -5*h + 4*o - 55. Let z be (-6)/30 - (-118)/h. Let x(k) = -3*k - 30. Calculate the remainder when 15 is divided by x(z).
3
What is the remainder when 1581 is divided by (-19)/(171/(-36))*11?
41
Let j be (616/(-12) - 1)/((-4)/12). Let b = -144 + j. Calculate the remainder when 19 is divided by b.
6
Let c(p) = p**2 + 370*p - 3789. Calculate the remainder when 6071 is divided by c(10).
10
Let b = 36 + 51. Let m = b + -11. What is the remainder when m is divided by 26?
24
Let s(h) = -2*h + 4. Let g be s(18). Let d = 20 - g. What is the remainder when 205 is divided by d?
49
Let t = 2571 - 2399. What is the remainder when t is divided by 36?
28
Suppose 3 = 3*k, -5*r + 175*k + 28 = 173*k. Let v(s) = s**3 - 5*s**2 + 8*s - 4. What is the remainder when v(6) is divided by r?
2
Let q(x) = x**3 - 51*x**2 - 47*x - 242. What is the remainder when 4316 is divided by q(52)?
14
Let x(h) = -4*h - 22. Calculate the remainder when x(-9) is divided by 99/((-144)/(-16)) - 8.
2
Let x(o) = o**3 - 17*o**2 - 10*o + 179. What is the remainder when 278 is divided by x(17)?
8
Let p(l) = -10*l**2 + 742*l - 73. What i